2 - (-9 + 1 + 3)))?
16
Evaluate -11 - (9 - 8 - (-3 + -2 + 2)).
-15
What is (44 - (59 + -17)) + (-3 - (-1 - 0))?
0
What is -1 + 6 - (-143 - -145)?
3
Calculate -10 + -4 - -3 - -2.
-9
What is -454 + 476 + 3 + -20 + 0?
5
What is the value of 6 - 2 - (-8 + 6 + -8)?
14
What is the value of 38 + -12 - 9 - 18?
-1
Evaluate (7 - (-4 + 25) - -8 - 3) + -7.
-16
Calculate 1 + -3 + -1127 + 1120.
-9
Calculate 7 + -1 + 0 + (47 - 51).
2
Calculate 4 - ((-14 - -2) + 7).
9
-5 + (-20 + 22 - (-4 - -10))
-9
What is the value of -2 - ((10 - -2) + -13 - 13)?
12
Calculate 6 + -2 + -2 + (-29 - -25).
-2
(13 + (1 - 7) - 10) + -7
-10
Calculate -18 - -3 - 3 - (-1 - 6).
-11
What is the value of 1 - (12 - 2) - (839 + -853)?
5
Calculate -2 + 6 + 13 - 5.
12
What is the value of 15 + (147 - 136) + (-24 - -1)?
3
Evaluate 7 + (1 - (-5 - -6)) - 7 - 1.
-1
Calculate -20 - (11 + -15 + -7 + 9).
-18
Evaluate -19 - -6 - 2 - (-8 - 2).
-5
What is (29 - (57 + -27)) + 1 + 1 + 6?
7
Calculate -120 + -25 + 142 - (23 - -1 - -1).
-28
What is the value of 33 + (28 - (-10 - -69))?
2
Calculate -27 - ((-111 - -86) + (1 - -15)).
-18
What is the value of 4 + -16 - (0 - 4)?
-8
-8 - (5 - (6 - -2) - (-4 + -5))
-14
Evaluate 3 + 0 + -6 + 14.
11
What is -7 - (8 - (4 + (-5 - -16)))?
0
Evaluate 14 - -5 - (0 + (0 - -7)) - 3.
9
What is the value of (-1 - -2) + -13 + 8 + (2 - 2)?
-4
Evaluate (-51 - (-48 - -27)) + (8 - 4) + 6.
-20
Calculate -4 - -1 - (0 + -1 - -1) - -1.
-2
Calculate 6 + 6 + (1 + -9 - -2).
6
(1 - 23) + 271 + -252
-3
What is the value of -5 + -1 + -3 + 3 - 12?
-18
Calculate -2 + 11 + (-4 + -2 + 6 - 1).
8
What is -3 + (-6 + -24 - -16)?
-17
Evaluate 22 + (-34 - -23) + -19.
-8
What is the value of -2 + 0 - (0 + 6 + -21)?
13
Evaluate 1 + 1 + -4 + (-13 - -22).
7
What is the value of 10 + -24 + (-23 - -7) + 5?
-25
What is the value of -7 + -7 + 6 + -6 + 13?
-1
24 - (57 + -32 + 1)
-2
(2 - -1) + (21 - 26) - -17
15
What is -11 - (27 + (-5 - 13))?
-20
What is the value of (1 - 4 - (5 - -5)) + (-19 - -23)?
-9
Evaluate -8 + (1 - 2) + (49 + -47 - 6).
-13
What is -4 - (47 + -53) - (0 + -7 - -1)?
8
2 - (9 + -3 - 0)
-4
-2 - (1 - 1 - (4 - (-10 + 4)))
8
What is -3 + 5 + (-4 - -5) + -1?
2
What is the value of 5 + (-2 + -7 - -15) + -8?
3
(1 - 26) + (20 - 15) + 8
-12
Evaluate -30 + (3 - 10) + (-5 - -14).
-28
What is the value of (-1 - (-3 - -1)) + (10 - 7 - 13)?
-9
Calculate (792 - 813) + (1 - 1 - -2).
-19
Evaluate 11 - (0 + -2) - (-7 + -11 - -25).
6
Evaluate 10 - 10 - (-12 - -14).
-2
What is the value of 78 + -22 + -43 + (-21 - 1)?
-9
-210 + 220 - (12 - -2)
-4
What is the value of -23 + 14 - -13 - (-6 - -1)?
9
What is the value of 2 + (-9 - -4 - -2) - (-3 - 0)?
2
What is 3 + (8 - (39 - (12 + -14)))?
-30
What is -5 - (-39 - -15) - (-1 + 10)?
10
What is (0 - -5) + (6 - 1 - -6 - 24)?
-8
-18 - 3 - (37 + (-22 - 19))
-17
What is the value of 5 + -1 + 0 + 0 + 1 + 1?
6
Evaluate (12 - 28) + 17 + 0 + 6 - 5.
2
Calculate 17 + -2 + (-5 - (0 + 3 - 3)).
10
Calculate (2 - -7) + (-42 + 21 - -17 - -6).
11
Evaluate -4 + (1 - (1 + -5 + 0)).
1
Evaluate (10 - 18) + (-5 - -19).
6
What is the value of (-5 - -30 - 4) + 4 + 1 + 1?
27
Evaluate (-18 - (-18 + 12)) + 13 + 9.
10
What is the value of -2 + -7 + 1 + 14 + -15?
-9
-6 - (-32 - -21 - 3)
8
What is 1 - (-12 - -4) - (21 - 19)?
7
What is the value of -16 - (17 + -57 + 13)?
11
Calculate 19 - ((33 - 21) + 5) - (-14 + 1).
15
Evaluate -11 + 3 + (-2 - -3) + 0.
-7
Evaluate -1 + 4 + -4 + -4 - (11 - -1).
-17
What is -39 + 69 + -27 + (-14 - -1 - -1)?
-9
Calculate (13 - (5 + -12 - -17)) + -10.
-7
What is the value of (-22 - (18 + -29)) + 15?
4
Evaluate 0 + (2 - (-11 + 7)) - (7 + -12).
11
Calculate -16 - (-80 + 70 + (1 - -6)).
-13
1 + -3 + 4 - (-21 + 19 + -4)
8
Evaluate 19 - (-3 + -4 + 49 + -50).
27
What is the value of 5 - ((-18 - -12 - 5) + 48)?
-32
-41 - -56 - (10 - (9 - 1))
13
-19 - -11 - (-13 - (6 - 10))
1
What is the value of (10 - 0) + (9 - 5) + -8 - 9?
-3
What is 0 + 23 + -2549 + 2543?
17
Evaluate -2 + (-38 - -48 - 3).
5
Calculate -24 + 1 - (1955 + -1994).
16
What is -12 + 19 + (4 - (5 - 7))?
13
6 + 1 + (-24 - ((-64 - -26) + -19))
40
-19 - (-13 + 28 + (-13 - -3))
-24
What is the value of 188 + -195 - (-3 - (0 + -1))?
-5
(-3 - 4) + 10 - -1
4
(9 - -1) + -11 - (5 - (-5 + 9))
-2
Calculate 2 + 23 + -26 - (-2 + 2 + -14).
13
What is the value of 16 - (16 + (-5 - (-5 + 8)) + 1)?
7
(13 - -1 - 2) + (-9 - (-30 - -15))
18
What is 16 + -46 + -13 + 14 - -14?
-15
Evaluate (-3 - 1) + (-181 - -185).
0
608 + -629 + 6 + (-2 - -1)
-16
What is 11 - (4 + 11) - -7?
3
Calculate 7 + 2 + 13 + -42 + 47 - 8.
19
(19 - -14) + 3 + -1 + (-9 - 1)
25
What is the value of 9 - (19 + 1 + (88 - 90))?
-9
What is (18 - 0) + -347 + 329?
0
What is the value of -17 - ((27 - -2) + -25)?
-21
What is -5 + ((5 - 6) + 8 - 5 - 2)?
-5
What is the value of 93 + -100 - (-8 + 0)?
1
Evaluate 5 + -1 + -4 + -8.
-8
What is the value of -31 - 15 - -37 - (-11 + 1)?
1
Evaluate 8 + -6 + -3 + 4 + -6.
-3
What is (-1 - 5 - 30) + 30 - (23 + 0)?
-29
What is -18 - (-11 + 9 + -15)?
-1
6 + -9 + (-40 - -39 - (-24 + 1))
19
4 + 6 + -3 - (13 - -8)
-14
What is 3 + (1 - 2) + (30 - -61 - 85)?
8
Evaluate 5 + (-30 - -9) + 28.
12
What is -4 - (15 - 11) - (-16 + 3)?
5
-26 + 19 + 13 - -1
7
Evaluate (18 - 8 - 19 - -8) + (4 - 2).
1
Evaluate -8 + (10 - (6 - 3)) + 7 + -2.
4
Evaluate 10 - 8 - (15 - 31).
18
Calculate (6 + -14 + 13 - (1 - -6)) + 1.
-1
(-7 + 10 - (-14 - -6)) + 4
15
Calculate (-9 + 6 - -2) + -11 + 2.
-10
What is the value of -6 - (-9 + 11) - -7 - 6 - 20?
-27
-4 + (0 - -5) - (-2 - -1)
2
Calculate -1 + 5 + 0 + -7 + (3 - -9).
9
Evaluate 1 + (-1 - (-1 + 0)) - -7.
8
Evaluate (2 - 0) + (30 - 59 - -20) + -17.
-24
Calculate -2 + (8 - -9 - 7) + (-1 - -11).
18
Calculate 4 + (13 - (0 + (-4 - -5 - -1))).
15
(-7 - 20) + 35 + 15
23
Calculate 2 + (7 - -1) + 2 + -12 + 4.
4
What is the value of (0 + 0 + 1 - (-189 - -163)) + -3?
24
Evaluate (-11 - 2) + 3 - (3 - 11 - -8).
-10
-76 + 77 + 10 + -1
10
Evaluate (30 - 29) + -6 + 4.
-1
What is -161 + 171 + (-13 - 1)?
-4
What is the value of (-1674 - -1704) + (-2 - -2) + -2 + 2?
30
What is the value of -20 + (1 - (-8 - -3) - 1)?
-15
What is the value of -2 + -18 - (-7 + -3)?
-10
Evaluate -16 + -12 + -3 + 18.
-13
What is the value of (11 - 0) + (-4 - (1 + 1 + -4))?
9
What is 1 - -8 - (-41 + 19 + 28)?
3
What is the value of 0 + 4 + -16 + -1 + 5 + 30?
22
13 + -7 + 2 + -14
-6
Calculate -9 + (22 - (13 - 3)) + -7.
-4
Calculate 12 - -5 - (-8 + 16).
9
Calculate -23 + (15 - 9) + 8 + -11.
-20
What is the value of 7 + (-12 - -9) + -5 + 4?
3
2 - 8 - (-155 - -124)
25
What is the value of -13 + (21 - 4) + (-42 - -9)?
-29
Evaluate -2 + 3 + -93 + 96.
4
-6 + 1 + 514 + -508
1
Evaluate -13 - (-14 + 27 + -19).
-7
What is the value of (-6 + (6 - -1) - (7 - 1)) + -6?
-11
Calculate -7 + -14 + 30 + -26.
-17
What is 11 + -9 + -15 + 14?
1
What is -100 + 99 + (10 - (0 - 0)) - -2?
11
Evaluate -18 - (-14 - (1 + 13)).
10
Evaluate -10 + (0 - -2) + (12 - 0).
4
-12 - 1 - (-156 + 167)
-24
Calculate (33 - 2) + 643 + -657.
17
What is the value of 36 + (-25 + -24 - -39)?
26
What is 3 + (5 - 0 - -3) + -6?
5
10 + (-3 + 2 + 2 - (-11 - -12))
10
Evaluate 3 + 2 + (-1 - -1) + 300 + -293.
12
Evaluate (39 - (-13 + 26)) + (-10 - 6).
10
What is -17 - (7 - (16 - -16))?
8
(-7 - (-12 + 9)) + -16
-20
Calculate 7 + -11 + (-2 - -22).
16
What is (-46 - -19) + (0 - -19)?
-8
Calculate (3 - 15) + (-11 - (-1 - 12)).
-10
What is the value of 7 + 24 + -11 - 34?
-14
Calculate 6 - (5 + (-20 - 2)).
23
Calculate 5 - (4 + -4) - (6 + -4).
3
What is -2 - 1 - 0 - (-9 + 5 + 17)?
-16
What is the value of 23 + -12 + (14 - (0 - -8))?
17
What is 38 - 24 - (-5 + -11 + -6)?
36
What is 43 + (-9 - (-34 + 49))?
19
12 + -2 - ((2 - 2) + -3)
13
What is the value of 108 - 104 - (0 + 2 + 15)?
-13
Calculate 44 + -22 + -28 - 19.
-25
(-17 - -11) + -4 - (-10 + 2)
-2
What is 17 + -42 + 31 + 7 + 4?
17
What is 2 + 10 + 5 + -7?
10
Calculate 121 + -120 - (-3 + (-5 - -8)).
1
What is the value of 2 + (-6 - (1 - (0 - -1))) + -7?
-11
What is (4 - -6) + -1 + -3 + -7 + -6?
-7
What is (8 - (-1 + (-10 - -30))) + 14?
3
What is the value of (1 - -15 - (38 + -31)) + -15?
-6
Calculate (4 - (2 - (11 - 0))) + -3 - 3.
7
Calculate (-165 - -221) + -36 + -1.
19
What is (-4 - (0 - -2)) + 4 - 4 - -1?
-5
1 + 17 + (-357 - -350)
11
Calculate (-1 - 0) + 0